520 - 7*x**6/720 + x**5/60 - 3*x**2. Let d(f) be the third derivative of o(f). Does 11 divide d(-6)?
False
Let u(h) = -h**3 - 8*h**2 + h - 11. Let d(l) = l - 8. Let f be d(0). Let m be u(f). Let a = 40 + m. Is a a multiple of 7?
True
Does 2 divide (-17)/(-3) + (-28)/(-84)?
True
Suppose 3*f = 2*f + b + 117, 0 = -4*b. Suppose -4*q + f = -27. Is q a multiple of 10?
False
Suppose -3*s - q + 206 = 0, -5*s + 3*q + 330 = 2*q. Let h be 5 - ((-2)/1)/(-2). Suppose -h*g = -s + 11. Is 10 a factor of g?
False
Let v(z) = 8*z**3 - z. Let f be v(1). Suppose -5*o + 76 = -g, -3*o + f*o - 56 = -4*g. Is o a multiple of 6?
False
Let y be ((-1)/(-2))/(2/120). Suppose -y = -5*j + 5*x, 0*x + 3*x = -3. Is 2/j*80/2 a multiple of 15?
False
Let o = -69 - -209. Is o a multiple of 28?
True
Let u(o) = o**2 + 4*o. Let g be 4/(-22) + (-225)/33. Let t be u(g). Suppose -5*i = -t - 19. Is 8 a factor of i?
True
Let k be 780/16 - 3/4. Let t = k + -8. Does 13 divide t?
False
Suppose 2*x = 8*x - 84. Is 9 a factor of x?
False
Let h(o) = o + 4. Let g be h(0). Suppose -g*x = -9*x + 75. Is 6 a factor of x?
False
Suppose 4*k - 92 = 4*b, -k - 4*b = -20 - 8. Suppose k = 2*x + 2*x. Let l(o) = -o**2 + 10*o - 9. Does 11 divide l(x)?
False
Let i be (142/(-4))/(1/(-2)). Let q be -2 + -46 - 2/(-1). Let x = q + i. Is x a multiple of 11?
False
Let q = -8 + -7. Let m = -7 - q. Is 4 a factor of m?
True
Let p = 129 - 84. Does 19 divide p?
False
Does 25 divide (-30)/8*(-200)/10?
True
Let k(o) = 2 - 12*o - 2 + 1. Let p = 11 - 15. Is k(p) a multiple of 17?
False
Suppose 5*g + 448 = 7*g. Is 32 a factor of g?
True
Let v(g) = 0*g**3 + 22*g**2 + 10 + 6*g - 16*g**2 + g**3. Is 9 a factor of v(-4)?
True
Suppose 64 + 51 = -5*h. Let l be -1 + 9/(-6)*-22. Let k = l + h. Is k a multiple of 9?
True
Suppose 3 = 3*y - 0. Let g be 1 + -2 + y + -13. Let x = g - -18. Does 3 divide x?
False
Suppose 4*h + 9 = 5*h. Is h a multiple of 3?
True
Let x = 5 - 3. Suppose 1 + 3 = r, -x*v + 52 = 3*r. Does 8 divide v?
False
Let x = 0 - -3. Suppose 6*w - x*w = 33. Is w a multiple of 6?
False
Let i(o) = 2*o**2 + 3. Is i(3) a multiple of 5?
False
Let r(o) = 75*o**2 - o - 1. Is 15 a factor of r(-1)?
True
Let n(j) = j - 13. Let d be n(9). Let z(h) = h**2 + h - 3. Is z(d) a multiple of 3?
True
Suppose 1199 = -4*a + 15*a. Does 35 divide a?
False
Suppose 0 = 3*m - 80 - 10. Is m a multiple of 10?
True
Let r(c) = 80*c**2 + c + 1. Let u be r(-1). Suppose h + 4*h - u = 0. Suppose 3 = -a + h. Is a a multiple of 10?
False
Let k(a) = -a + 11. Let s be k(7). Let g = -9 - -17. Let i = s + g. Is 6 a factor of i?
True
Let c(d) = d**3 + 5*d**2 + d - 6. Is c(-4) a multiple of 3?
True
Let p(m) = 1. Let y(h) = -2*h + 6. Let z(t) = 10*p(t) - 2*y(t). Let w = -107 + 110. Is 5 a factor of z(w)?
True
Let y(u) = -u**3 - 6*u**2 + 5*u - 7. Let n be y(-7). Let j = n + -5. Does 2 divide j?
True
Suppose 5*q = 3*b + 22, -3 + 19 = -4*b. Let h = q + 0. Suppose h*u + c - 18 = 0, 5*u - 41 - 11 = c. Is 5 a factor of u?
True
Suppose -2*f - l = 21, 0*l - 2*l = 6. Let a be 2/9 + (-25)/f. Suppose 74 = 5*k + a*b, -k = -2*k - 2*b + 19. Is k a multiple of 13?
True
Suppose -5*d - 6 = 4, -5*b + 4*d + 283 = 0. Let n = 80 - b. Suppose -u + n = 4*u. Is 2 a factor of u?
False
Let t = 159 + -91. Suppose 4*j = -2*d - 2*d + t, 0 = 5*j + 2*d - 88. Suppose -4*y = -2*y + 3*q - j, -4*y - 5*q = -34. Is 4 a factor of y?
False
Suppose 3*u + 53 = 239. Is 11 a factor of u*(15/6 + -2)?
False
Is 6 a factor of -3 - (-18 + 4/1)?
False
Let h = 267 - 67. Is h a multiple of 50?
True
Let w(f) = 98*f**2 + f - 2. Is w(1) a multiple of 10?
False
Suppose -458 = -7*d + 186. Is 10 a factor of d?
False
Let y = -487 + 682. Is 15 a factor of y?
True
Suppose 1 = 2*m - 2*t - 5, -2*m = 2*t - 26. Let b be (-42)/(-24) + 2/m. Suppose -b*q = -5 - 13. Is q a multiple of 9?
True
Let h(z) = -z + 2. Let j be h(4). Suppose 0 = 3*p + 5*x - 28, 0*p + 2*p = -x + 7. Is 9 a factor of (-3 - -17) + j + p?
False
Suppose 0 = -21*a + 18*a + 66. Is a even?
True
Let d = -195 - -324. Is d a multiple of 17?
False
Let c(b) = 7*b + 57. Is c(6) a multiple of 9?
True
Let g(f) be the first derivative of 2*f**2 - 8*f - 3. Let b be g(-7). Let s = -26 - b. Is s a multiple of 4?
False
Let i = 0 + 2. Suppose 2*w - 26 = 5*l, 2*w + 65 = 7*w + i*l. Is 9 a factor of w?
False
Let v(b) be the second derivative of b**4/12 - b**3/3 - b**2/2 + b. Let j be v(3). Suppose z - 58 = -4*m - 4*z, j*m - 4*z = 16. Is 5 a factor of m?
False
Is 891/6*(-20)/(-15) a multiple of 33?
True
Suppose -3*t = 4*a - 6*t + 49, 5*t = 15. Let l be (328/a)/(6/(-15)). Suppose -3*j = -l + 25. Does 15 divide j?
False
Suppose -5*k + 6*k - 16 = 0. Let c = -9 + k. Does 7 divide c?
True
Suppose -5*m + 406 = -6*n + 2*n, 0 = 2*m - 4*n - 172. Is 34 a factor of m?
False
Let y(m) = 2*m**2 - m - 1. Let j be y(-1). Let s(b) = 4*b**j - 4 + b - 4 + 5 + 2*b. Is 23 a factor of s(-4)?
False
Let f = -21 + 35. Let p(a) = -2 + 3 + 0 - f*a. Is p(-1) a multiple of 10?
False
Let m(t) = t**3 + 9*t**2 + 7*t - 6. Does 2 divide m(-8)?
True
Suppose 25*o = 32*o - 406. Is 29 a factor of o?
True
Let l = 4 + 0. Suppose -3*u + 52 = -n - n, -5*u + 50 = l*n. Does 9 divide u?
False
Let q(v) = v**2 + 6*v. Let x be q(6). Let p = x - 48. Does 8 divide p?
True
Suppose 4*s - 4 = -0. Let y be ((-4)/(-6))/(s/(-3)). Is 5 a factor of ((-13)/(-3))/(y/(-6))?
False
Suppose -l - 4*l = -220. Does 10 divide l?
False
Let x(u) = -7*u + 14. Let d be x(-10). Suppose 0 = -0*l - 2*l + d. Suppose l = 5*w - 2*w. Does 7 divide w?
True
Suppose 2*h + 10 = 0, h = -4*l - 3*h - 64. Suppose 0*c + 4 = -2*c. Does 3 divide 2/(c/l*1)?
False
Let x(i) = -15*i - 4. Let l be x(3). Let q = 10 - 32. Let z = q - l. Is z a multiple of 20?
False
Suppose 5*z + 21 = -2*o, z + 21 = 3*o - 2*z. Is (-15)/(-3)*10/o a multiple of 9?
False
Suppose -2*f = -5*q - 80, -3*f + 27 + 47 = 4*q. Suppose f + 28 = l. Does 24 divide l?
False
Suppose 49 - 9 = 2*d. Suppose y + d = 6*y. Suppose 22 = -y*f + 5*f. Does 22 divide f?
True
Let p = 8 + -2. Is p a multiple of 2?
True
Let o(q) = -q**3 + 8*q**2 + 2*q - 7. Let c(u) = u**3 + 10*u**2 + 8. Let j be c(-10). Is o(j) a multiple of 6?
False
Suppose 0 = 5*z - 20. Suppose 15 = s + z*i, s = -4*s + 5*i + 200. Is 10 a factor of s?
False
Suppose -1 = 2*d - 99. Suppose 4 - d = -5*r. Is 9 a factor of r?
True
Let c(i) = 17*i - 1. Let f be c(1). Let k = f - -17. Is 11 a factor of k?
True
Let h = -2 + -4. Let a be ((-2)/(-4))/(6/(-324)). Let b = h - a. Is b a multiple of 18?
False
Suppose -16*t + 14*t + 6 = 0. Is 17 a factor of 14 - (0 + t + -6)?
True
Let r(w) = -8*w - 2. Let q be (-2)/(-5) - (-156)/(-15). Let y = q - -6. Is r(y) a multiple of 15?
True
Suppose 6*t = t + 10, 104 = -2*k - 4*t. Let u = k + 112. Does 15 divide u?
False
Let j(k) = -8*k + 1. Let h be j(-3). Let p = h - -15. Is 20 a factor of p?
True
Let z be 2*3/(-4)*-30. Does 11 divide z/3 + (-4)/(-2)?
False
Let b be (-1)/2 + 426/(-4). Let o = -25 - b. Is 31 a factor of o?
False
Let p(l) be the first derivative of -l**4/4 - 2*l**3 - 5*l**2/2 - 3*l - 1. Let s be p(-4). Let x = s + 31. Does 8 divide x?
True
Let f be 4/1*(-2)/4. Let i(h) = -h + 14. Let t be i(0). Does 7 divide t*(f + 0 - -3)?
True
Is 48 a factor of (-7)/2*(-6 + 2 + -92)?
True
Let j(x) = x**2 - 9*x - 11. Let z be j(10). Does 20 divide -1 + z - 42/(-1)?
True
Let p = 183 - 72. Does 15 divide p?
False
Let a = 27 + -11. Suppose -4*r = 1232 + a. Does 8 divide 1/(-5) - r/10?
False
Let c(y) = -y**2 - y - 1. Let t be c(0). Does 16 divide ((-12)/t)/((-9)/(-12))?
True
Let n(l) = -l**3 - 2*l**2 + 3*l + 3. Let x be n(-3). Suppose 2*c = 2*g + 2*g + 14, -x*g = 4*c + 16. Let h = c + 11. Does 5 divide h?
True
Suppose s - 4*s = -72. Let l be (-150)/(-24) + (-2)/8. Suppose 5*f - l = s. Is f a multiple of 2?
True
Let u be (-3211)/(-52) - 6/8. Suppose 0 = -3*d + 4*d + 3, -3*d - u = -2*o. Does 5 divide o?
False
Let d = 133 - -147. Is d a multiple of 40?
True
Let z be (-20)/6 + (-4)/6. Let n be (-20)/(z/18*1). Suppose -2*h = -5*h + n. Is h a multiple of 23?
False
Suppose -2*h + 167 = -113. Is 62 a factor of h?
False
Let j be (-2)/(8/46)*2. Let q = 43 + j. Is q a multiple of 10?
True
Let u(i) = -3 - 4*i + 10 + i**2 - 2*i**2. Let q be u(-5). Suppose n = c - q*n - 17, 3*c = 4*n + 61. Is 15 a factor of c?
False
Suppose 0 = -2*o - 3*o + 10. Doe